{"id":4942,"date":"2026-01-31T17:03:34","date_gmt":"2026-01-31T16:03:34","guid":{"rendered":"https:\/\/www.uewg-michelstadt.de\/?page_id=4942"},"modified":"2026-02-03T12:15:22","modified_gmt":"2026-02-03T11:15:22","slug":"wahlprogramm-2026","status":"publish","type":"page","link":"https:\/\/uewg-michelstadt.de\/?page_id=4942","title":{"rendered":"Wahlprogramm"},"content":{"rendered":"<p><div class=\"fusion-fullwidth fullwidth-box fusion-builder-row-1 nonhundred-percent-fullwidth non-hundred-percent-height-scrolling\" style=\"--awb-border-radius-top-left:0px;--awb-border-radius-top-right:0px;--awb-border-radius-bottom-right:0px;--awb-border-radius-bottom-left:0px;--awb-flex-wrap:wrap;\" ><div class=\"fusion-builder-row fusion-row\"><div class=\"fusion-layout-column fusion_builder_column fusion-builder-column-0 fusion_builder_column_1_1 1_1 fusion-one-full fusion-column-first fusion-column-last\" style=\"--awb-bg-size:cover;\"><div class=\"fusion-column-wrapper fusion-column-has-shadow fusion-flex-column-wrapper-legacy\"><div class=\"fusion-reading-box-container reading-box-container-1\" style=\"--awb-title-color:#333333;--awb-margin-top:30px;--awb-margin-bottom:30px;\"><div class=\"reading-box\" style=\"background-color:#f6f6f6;border-width:1px;border-color:#f6f6f6;border-left-width:3px;border-left-color:var(--primary_color);border-style:solid;\"><div class=\"reading-box-additional\">\n<h2>Gemeinsam sind wir Michelstadt<\/h2>\n<p>Unser Flyer zur Kommunalwahl (PDF) -&gt; <a href=\"http:\/\/www.uewg-michelstadt.de\/wp-content\/uploads\/2026\/02\/2026_UeWG_Michelstadt.pdf\" target=\"_blank\" rel=\"noopener\">2026_\u00dcWG_Michelstadt<\/a><\/p>\n<p><a href=\"http:\/\/www.uewg-michelstadt.de\/wp-content\/uploads\/2026\/02\/2026_UeWG_Michelstadt.pdf\" target=\"_blank\" rel=\"noopener\"><img decoding=\"async\" class=\"wp-image-4957 size-medium aligncenter\" src=\"http:\/\/www.uewg-michelstadt.de\/wp-content\/uploads\/2026\/02\/2026_UeWG_Michelstadt-225x158.png\" alt=\"\" width=\"225\" height=\"158\" srcset=\"https:\/\/uewg-michelstadt.de\/wp-content\/uploads\/2026\/02\/2026_UeWG_Michelstadt-200x141.png 200w, https:\/\/uewg-michelstadt.de\/wp-content\/uploads\/2026\/02\/2026_UeWG_Michelstadt-225x158.png 225w, https:\/\/uewg-michelstadt.de\/wp-content\/uploads\/2026\/02\/2026_UeWG_Michelstadt-400x282.png 400w, https:\/\/uewg-michelstadt.de\/wp-content\/uploads\/2026\/02\/2026_UeWG_Michelstadt-550x387.png 550w, https:\/\/uewg-michelstadt.de\/wp-content\/uploads\/2026\/02\/2026_UeWG_Michelstadt-600x422.png 600w, https:\/\/uewg-michelstadt.de\/wp-content\/uploads\/2026\/02\/2026_UeWG_Michelstadt-800x563.png 800w, https:\/\/uewg-michelstadt.de\/wp-content\/uploads\/2026\/02\/2026_UeWG_Michelstadt-1200x845.png 1200w, https:\/\/uewg-michelstadt.de\/wp-content\/uploads\/2026\/02\/2026_UeWG_Michelstadt.png 1341w\" sizes=\"(max-width: 225px) 100vw, 225px\" \/><\/a><strong>\u00dcWG<\/strong><br \/>\n\u00dcberparteiliche W\u00e4hlergemeinschaft Michelstadt<br \/>\nunabh\u00e4ngig \u00b7 b\u00fcrgernah \u00b7 sachorientiert<\/p>\n<p><strong>Am 15. M\u00e4rz \u00dcWG w\u00e4hlen!<\/strong><\/p>\n<hr \/>\n<h3>Liebe Michelst\u00e4dterinnen, liebe Michelst\u00e4dter,<\/h3>\n<p>was macht die \u00dcWG besonders?<\/p>\n<p><strong>Unser Name ist Programm:<\/strong><br \/>\nWir sind unabh\u00e4ngig, offen und engagiert. Unser Ziel ist Michelstadt lebenswert zu erhalten und weiterzuentwickeln \u2013 f\u00fcr alle Menschen, die hier leben. Wir setzen uns f\u00fcr eine starke Gemeinschaft, lebendige Stadtteile und nachhaltige Zukunft ein.<\/p>\n<p>Als \u00dcberparteiliche W\u00e4hlergemeinschaft (\u00dcWG) sind wir politisch unabh\u00e4ngig. Wir sind in der \u00dcWG, weil wir uns frei von Parteipolitik und Vorgaben aus Berlin und Wiesbaden f\u00fcr unsere Heimat engagieren. Wir schauen darauf, was gut ist f\u00fcr Michelstadt und die hier lebenden Menschen. Wir sind offen f\u00fcr gute Argumente, sch\u00e4tzen das Zuh\u00f6ren und sachliche Diskussionen. Wir legen Wert darauf, Themen aus verschiedenen Perspektiven zu betrachten. Und so vereint die \u00dcWG Urgew\u00e4chse und Zugezogene, Selbstst\u00e4ndige und Arbeitnehmer aus allen m\u00f6glichen Berufen, Familienmenschen und Singles, m\u00e4nnliche wie weibliche Junge und Alte, Menschen aus der Kernstadt und den Stadtteilen. Eine Mannschaft, so lebendig wie unsere Stadt.<\/p>\n<p>Uns eint die Liebe zu Michelstadt: Wir haben hier eine besondere Lebensqualit\u00e4t, die wir erhalten und ausbauen wollen.<\/p>\n<p><strong>Gemeinsam sind wir Michelstadt!<\/strong><\/p>\n<p>Ganz wichtig ist uns das Engagement f\u00fcr das Miteinander und den Zusammenhalt, in der Nachbarschaft, in Vereinen oder den Stadtteilen. Dieses Miteinander macht Michelstadt stark und hilft durch schwierige Zeiten.<\/p>\n<p>Wir freuen uns, dass unser Einsatz bei den Menschen Anklang findet. Als zweitst\u00e4rkste Fraktion in der Stadtverordnetenversammlung sind wir wichtige Akteure \u2013 und mit B\u00fcrgermeister Dr. Tobias Robischon, unserem eigenen Kandidaten, haben wir echten Einfluss. Unterst\u00fctzen Sie uns mit Ihrer Stimme, damit wir gemeinsam weiter vorankommen und Michelstadt lebenswert bleibt!<\/p>\n<hr \/>\n<h2>Unser B\u00fcrgermeister<\/h2>\n<p>Wir stehen hinter B\u00fcrgermeister <strong>Dr. Tobias Robischon (\u00dcWG)<\/strong> und seinem Kurs. Er setzt sich daf\u00fcr ein, notwendige Investitionen z\u00fcgig anzugehen, unsere Finanzen stabil zu halten und eine positive Zukunft f\u00fcr unsere Stadt zu gestalten.<\/p>\n<p>Sein Motto: <strong>\u201eHier ist es sch\u00f6n, das z\u00e4hlt!\u201c<\/strong>.<\/p>\n<p>Es gibt viel zu tun &#8211; packen wir es an!<\/p>\n<p>Wir vertrauen auf seine Erfahrung, Unabh\u00e4ngigkeit und seine Leidenschaft, Michelstadt gemeinsam voranzubringen.<\/p>\n<p><strong>Gemeinsam packen wir\u2019s an,<br \/>\nf\u00fcr ein lebenswertes Michelstadt, das w\u00e4chst und gedeiht!<\/strong><\/p>\n<p><strong>Dr. Tobias Robischon (B\u00fcrgermeister)<\/strong><\/p>\n<hr \/>\n<h2>Lebensqualit\u00e4t und Miteinander<\/h2>\n<p>Michelstadt lebt durch Miteinander, wir haben die beste Lebensqualit\u00e4t der Region.<\/p>\n<p>Wir sorgen f\u00fcr eine lebendige Innenstadt, ein vielf\u00e4ltiges Kulturangebot sowie eine kinder- und familienfreundliche Stadt.<\/p>\n<p><strong>Unser Ziel:<\/strong> Jeder soll sich in Michelstadt zuhause f\u00fchlen \u2013 jung und alt.<\/p>\n<p><strong>Wir sichern die hohe Lebensqualit\u00e4t in Michelstadt, indem wir&#8230;<\/strong><\/p>\n<ul>\n<li>f\u00fcr eine lebendige Innenstadt sorgen, die mit individuellen Gesch\u00e4ften, M\u00e4rkten und Veranstaltungen, einer vielf\u00e4ltigen Gastronomie und der historischen Erlebbarkeit der Altstadt begeistert.<\/li>\n<li>das abwechslungsreiche kulturelle Angebot und unsere Aush\u00e4ngeschilder Weihnachtsmarkt, Bienenmarkt, Theatersommer etc. pflegen.<\/li>\n<li>Kinder und Familienfreundlichkeit f\u00f6rdern, f\u00fcr eine nachfragedeckende Kinderbetreuung sorgen und auf eine hohe Betreuungsqualit\u00e4t achten. Wir stehen f\u00fcr den Erhalt der Kinderg\u00e4rten in allen Stadtteilen.<\/li>\n<li>uns um Sport, Bewegung und vielf\u00e4ltige Freizeitm\u00f6glichkeiten k\u00fcmmern.<\/li>\n<li>die Spielpl\u00e4tze mit einem attraktiven Angebot f\u00fcr alle Altersgruppen und F\u00e4higkeiten ausstatten.<\/li>\n<li>vielf\u00e4ltige Aktivit\u00e4ten f\u00fcr die Jugend bieten und gezielt Orte in der Stadt f\u00fcr die Jugend attraktiver machen.<\/li>\n<li>ein r\u00fccksichtsvolles Miteinander aller Verkehrsteilnehmer erm\u00f6glichen und alltagstaugliche Mobilit\u00e4t im gesamten Stadtgebiet anstreben.<\/li>\n<li>selbstverst\u00e4ndlich Landschaft und Natur sch\u00fctzen. Dies beinhaltet den Landschafts-, Trinkwasser- und Artenschutz.<\/li>\n<li>Orte f\u00fcr Begegnungen schaffen, Nachbarschaft f\u00f6rdern. Miteinander entsteht durch Begegnung. Brunnen, B\u00e4nke und andere kleine Pl\u00e4tze verdient mehr Beachtung.<\/li>\n<li>ehrenamtliche Aktivit\u00e4ten in Vereinen und Initiativen unterst\u00fctzen und daf\u00fcr geeignete R\u00e4ume bereitstellen.<\/li>\n<li>internationale Kontakte und unsere St\u00e4dtepartnerschaften f\u00f6rdern.<\/li>\n<\/ul>\n<hr \/>\n<h2>Wirtschaft und Zukunft<\/h2>\n<p><strong>\u201eMichelstadt w\u00e4chst \u2013 durch Innovation und starke Wirtschaft.\u201c<\/strong><\/p>\n<p>Wir f\u00f6rdern Betriebe, sichern Gewerbefl\u00e4chen und bauen nachhaltige Infrastruktur aus, f\u00fcr eine prosperierende Stadt mit vielf\u00e4ltigen Chancen f\u00fcr alle.<\/p>\n<p><strong>Wir machen Michelstadt zukunftssicher.<\/strong><\/p>\n<p><strong>Wir arbeiten f\u00fcr die wirtschaftliche Zukunft Michelstadts, indem wir\u2026<\/strong><\/p>\n<ul>\n<li>uns f\u00fcr den Ausbau der Verkehrsverbindungen auf Stra\u00dfe und Bahn aus dem Odenwald einsetzen.<\/li>\n<li>engen Kontakt zu den Betrieben vor Ort halten.<\/li>\n<li>den Gewerbesteuerhebesatz f\u00fcr unsere Unternehmen weiterhin g\u00fcnstig halten.<\/li>\n<li>Gewerbefl\u00e4chen f\u00fcr Unternehmenserweiterungen und Neuinvestitionen sichern und neu schaffen.<\/li>\n<li>aufgeschlossen sind f\u00fcr Innovationen und deren Erprobung unterst\u00fctzen.<\/li>\n<li>den fl\u00e4chendeckenden Glasfaserausbau in ganz Michelstadt z\u00fcgig abschlie\u00dfen.<\/li>\n<li>neuen Wohnraum erm\u00f6glichen durch Neubau und Anbau. Dabei soll der kleinteilige, gr\u00fcne und nachbarschaftliche Charakter der l\u00e4ndlichen Kleinstadt erhalten bleiben. Das erfordert auch ausreichend Stellpl\u00e4tze.<\/li>\n<li>ein neues Wohnbaugebiet ausweisen, mit einem vielf\u00e4ltigen Wohnangebot nahe der Kernstadt.<\/li>\n<li>unsere meist nebenerwerbliche Landwirtschaft sch\u00fctzen und den Verlust von Feldern und landwirtschaftlich genutzten Wiesen durch riesige Solaranlagen verhindern.<\/li>\n<li>die bessere Vermarktung der regionalen erzeugten Lebensmittel unterst\u00fctzen.<\/li>\n<li>die Investitionsmilliarden des Bundes klug zur Erneuerung unserer Infrastruktur nutzen.<\/li>\n<li>das st\u00e4dtische freie WLAN-Netz weiter ausbauen.<\/li>\n<li>einen einfach nutzbaren digitalen Zugang zur Verwaltung f\u00fcr alle Bev\u00f6lkerungsgruppen schaffen.<\/li>\n<\/ul>\n<hr \/>\n<h2>Erhalt und Erneuerung<\/h2>\n<p><strong>Erhalt und Erneuerung \u2013 Perspektiven f\u00fcr die Zukunft.<\/strong><\/p>\n<p>Unsere Infrastruktur ist das R\u00fcckgrat unserer Stadt. Um sie dauerhaft fit zu halten, investieren wir klug und gezielt \u2013 f\u00fcr sichere Stra\u00dfen, funktionale Geb\u00e4ude und eine lebendige Gemeinschaft. So bleibt Michelstadt auch bei knappen Haushaltsmitteln handlungsf\u00e4hig und lebenswert.<\/p>\n<p><strong>Wir sichern und erneuern die Qualit\u00e4ten unserer Stadt, indem wir&#8230;<\/strong><\/p>\n<ul>\n<li>mit n\u00fcchternen Blick auf Wirtschaftlichkeit sinnvolle Investitionen t\u00e4tigen und f\u00fcr eine solide Haushaltsf\u00fchrung sorgen.<\/li>\n<li>in Erhalt und Erneuerung der bestehenden Infrastruktur investieren.<\/li>\n<li>die Chancen der Aufnahme Michelstadts in die St\u00e4dtebauf\u00f6rderung nutzen.<\/li>\n<li>unser ber\u00fchmtes historisches Stadtbild weiter pflegen und sch\u00fctzen.<\/li>\n<li>die Sanierung der Odenwaldhalle unter Ber\u00fccksichtigung der Anforderungen der Vereine, Schulen, Veranstalter und der B\u00fcrgerschaft vorantreiben.<\/li>\n<li>den Gro\u00dfparkplatz neu gestalten, nutzbar als Parkraum, Stellplatz f\u00fcr Wohnmobile, f\u00fcr die Jugend und den Bienenmarkt.<\/li>\n<li>die kommunalen Stra\u00dfen kontinuierlich instand halten und wo n\u00f6tig erneuern. Die Stra\u00dfenbeitr\u00e4ge haben wir erheblich gesenkt, sie sind f\u00fcr die Anlieger keine enorme Belastung mehr.<\/li>\n<li>den Citybus und das flexible \u00d6PNV-Angebot sichern zum Vorteil der B\u00fcrger im gesamten Raum Michelstadt-Erbach.<\/li>\n<\/ul>\n<hr \/>\n<h2>Lebenswerte und moderne Stadtteile<\/h2>\n<p>Die \u00dcWG Michelstadt k\u00fcmmert sich aktiv um die Entwicklung und den Erhalt unserer Stadtteile. Wir stehen f\u00fcr den Erhalt der Kinderg\u00e4rten und Grundschulen in den Stadtteilen.<\/p>\n<p>Wir wollen eine bessere Verkehrsanbindung der Stadtteile, sei es per Rad, \u00d6PNV oder Auto. Au\u00dferdem setzen wir uns f\u00fcr eine moderne Versorgung in den Stadtteilen ein. Unser Ziel ist es, lebendige, sichere und gut angeschlossene Orte zu schaffen, f\u00fcr alle Einwohner.<\/p>\n<p><strong>Gemeinsam machen wir Michelstadt st\u00e4rker \u2013 f\u00fcr moderne und lebenswerte Stadtteile!<\/strong><\/p>\n<h3>Vielbrunn<\/h3>\n<ul>\n<li>Gemeinschaft: Unterst\u00fctzung der Ortsvereine, z. B. Schwimmbad-F\u00f6rderverein<\/li>\n<li>Schulstandort: Sicherung des Fortbestands der Grundschule vor Ort<\/li>\n<li>Lebensqualit\u00e4t: Aufwertung des Spielplatzes<\/li>\n<li>Infrastruktur: Unterhaltung der Ortsstra\u00dfen, Unterhaltung und Pflege der Feldwege<\/li>\n<\/ul>\n<h3>Weiten-Ges\u00e4\u00df<\/h3>\n<ul>\n<li>Familienfreundlich: Neue Baupl\u00e4tze speziell f\u00fcr junge Familien<\/li>\n<li>Schulstandort: Weiterhin Unterst\u00fctzung des Fortbestands der Evangelischen Grundschule<\/li>\n<li>Lebensqualit\u00e4t: WLAN vor der Turnhalle, Mittelfristige Sanierung der Turnhalle<\/li>\n<li>Infrastruktur: Ausbesserung und Unterhaltung der Ortsstra\u00dfen<\/li>\n<li>Gemeinschaft: Unterst\u00fctzung der Ortsvereine<\/li>\n<\/ul>\n<h3>W\u00fcrzberg<\/h3>\n<ul>\n<li>Infrastruktur: Bau des neuen Feuerwehrhauses<\/li>\n<li>Gemeinschaft: Weiterentwicklung des Dorfgemeinschaftshauses als zentralen Treffpunkt<\/li>\n<li>Lebensqualit\u00e4t: Freizeitangebote und Bewegungsm\u00f6glichkeiten f\u00fcr alle Generationen, Aufwertung der Spielpl\u00e4tze<\/li>\n<li>Mobilit\u00e4t: Optimierung der Busverbindungen<\/li>\n<li>Infrastruktur: Pflege der Rad- und Wanderwege<\/li>\n<li>Gemeinschaft: Unterst\u00fctzung der Ortsvereine<\/li>\n<\/ul>\n<h3>Steinbach<\/h3>\n<ul>\n<li>Sicherheit: Fu\u00dfweg an der Walther-Rathenau-Allee<\/li>\n<li>Gemeinsam stark: Bau des gemeinsamen Feuerwehrhauses \u201eMichelstadt West\u201c mit Steinbuch<\/li>\n<li>Tourismus: Neuer Rundweg \u201eHistorisches Steinbach\u201c f\u00fcr Besucher und Einwohner<\/li>\n<\/ul>\n<h3>Rehbach<\/h3>\n<ul>\n<li>Schulweg: Erhalt der Fu\u00dfg\u00e4nger\u00fcberwege an B 47 und K 89 nach dem Bau der Zeller Br\u00fccke<\/li>\n<li>Lebensqualit\u00e4t: Attraktiver, aufgewerteter Kinderspielplatz<\/li>\n<li>Mobilit\u00e4t: Ausbau der Radwege nach Steinbach und Steinbuch<\/li>\n<li>Jugendliche: Turnger\u00e4te am Bouleplatz f\u00fcr mehr Gemeinschaft<\/li>\n<\/ul>\n<h3>Steinbuch<\/h3>\n<ul>\n<li>Gemeinsam stark: Bau des Feuerwehrhauses \u201eMichelstadt West\u201c mit Steinbach<\/li>\n<li>Lebensqualit\u00e4t: Bessere WLAN-Abdeckung rund ums Dorfgemeinschaftshaus<\/li>\n<li>Mobilit\u00e4t: Ausbau der Radwegeverbindung nach Steinbach und Rehbach<\/li>\n<li>Infrastruktur: Unterhaltung der land- und forstwirtschaftlichen Wege<\/li>\n<\/ul>\n<h3>Stockheim<\/h3>\n<ul>\n<li>Sicherheit: Fu\u00dfg\u00e4nger\u00fcberweg \u00fcber die B 47<\/li>\n<li>Zusammenarbeit: den Grenzverlauf Michelstadt &#8211; Erbach sichtbar machen<\/li>\n<\/ul>\n<hr \/>\n<p><strong>F\u00fcr uns von der \u00dcWG hei\u00dft Politik:<\/strong><br \/>\nWir stehen f\u00fcr einen aufgeschlossenen und respektvollen Umgang miteinander und f\u00fcr eine friedliche Nachbarschaft, die sich gegenseitig ihre individuelle Freiheit g\u00f6nnt. Das macht Michelstadt lebendig und lebenswert.<\/p>\n<p>Ihre Stimme macht den Unterschied. Gemeinsam gestalten wir Michelstadt aktiv, respektvoll, zukunftsorientiert!<\/p>\n<p><strong>Nehmen Sie teil. Sagen Sie Ihre Meinung. Gestalten Sie mit!<\/strong><\/p>\n<p><strong>E-Mail:<\/strong> <a href=\"mailto:kontakt@uewg-michelstadt.de\">kontakt@uewg-michelstadt.de<\/a><br \/>\n<strong>Web:<\/strong> <a href=\"https:\/\/www.uewg-michelstadt.de\" target=\"_blank\" rel=\"noopener\">www.uewg-michelstadt.de<\/a><br \/>\n<strong>Facebook:<\/strong> <a href=\"https:\/\/www.facebook.com\/UEWGMichelstadt\" target=\"_blank\" rel=\"noopener\">https:\/\/www.facebook.com\/UEWGMichelstadt<\/a><br \/>\n<strong>Instagram:<\/strong> <a href=\"https:\/\/www.instagram.com\/uewg_michelstadt\" target=\"_blank\" rel=\"noopener\">https:\/\/www.instagram.com\/uewg_michelstadt<\/a><\/p>\n<p><strong><br \/>\nAktiv zuh\u00f6ren<br \/>\nmiteinander reden<br \/>\neinander verstehen<br \/>\nnachvollziehbar handeln.<br \/>\n<\/strong><\/p>\n<hr \/>\n<p><strong>Am 15. M\u00e4rz f\u00fcr Michelstadt!<\/strong><\/p>\n<\/div><div class=\"fusion-clearfix\"><\/div><\/div><\/div><div class=\"fusion-clearfix\"><\/div><\/div><\/div><\/div><\/div><div class=\"fusion-fullwidth fullwidth-box fusion-builder-row-2 nonhundred-percent-fullwidth non-hundred-percent-height-scrolling\" style=\"--awb-border-radius-top-left:0px;--awb-border-radius-top-right:0px;--awb-border-radius-bottom-right:0px;--awb-border-radius-bottom-left:0px;--awb-flex-wrap:wrap;\" ><div class=\"fusion-builder-row fusion-row\"><div class=\"fusion-layout-column fusion_builder_column fusion-builder-column-1 fusion_builder_column_1_1 1_1 fusion-one-full fusion-column-first fusion-column-last\" style=\"--awb-bg-size:cover;--awb-margin-bottom:0px;\"><div class=\"fusion-column-wrapper fusion-flex-column-wrapper-legacy\"><div class=\"fusion-clearfix\"><\/div><\/div><\/div><\/div><\/div><div class=\"fusion-fullwidth fullwidth-box fusion-builder-row-3 nonhundred-percent-fullwidth non-hundred-percent-height-scrolling\" style=\"--awb-border-radius-top-left:0px;--awb-border-radius-top-right:0px;--awb-border-radius-bottom-right:0px;--awb-border-radius-bottom-left:0px;--awb-flex-wrap:wrap;\" ><div class=\"fusion-builder-row fusion-row\"><div class=\"fusion-layout-column fusion_builder_column fusion-builder-column-2 fusion_builder_column_1_1 1_1 fusion-one-full fusion-column-first fusion-column-last\" style=\"--awb-bg-size:cover;--awb-margin-bottom:0px;\"><div class=\"fusion-column-wrapper fusion-flex-column-wrapper-legacy\"><div class=\"fusion-text fusion-text-1\"><\/div><div class=\"fusion-clearfix\"><\/div><\/div><\/div><\/div><\/div><\/p>\n","protected":false},"excerpt":{"rendered":"","protected":false},"author":1,"featured_media":0,"parent":0,"menu_order":20,"comment_status":"closed","ping_status":"closed","template":"100-width.php","meta":{"footnotes":""},"class_list":["post-4942","page","type-page","status-publish","hentry"],"acf":[],"post_mailing_queue_ids":[],"_links":{"self":[{"href":"https:\/\/uewg-michelstadt.de\/index.php?rest_route=\/wp\/v2\/pages\/4942","targetHints":{"allow":["GET"]}}],"collection":[{"href":"https:\/\/uewg-michelstadt.de\/index.php?rest_route=\/wp\/v2\/pages"}],"about":[{"href":"https:\/\/uewg-michelstadt.de\/index.php?rest_route=\/wp\/v2\/types\/page"}],"author":[{"embeddable":true,"href":"https:\/\/uewg-michelstadt.de\/index.php?rest_route=\/wp\/v2\/users\/1"}],"replies":[{"embeddable":true,"href":"https:\/\/uewg-michelstadt.de\/index.php?rest_route=%2Fwp%2Fv2%2Fcomments&post=4942"}],"version-history":[{"count":8,"href":"https:\/\/uewg-michelstadt.de\/index.php?rest_route=\/wp\/v2\/pages\/4942\/revisions"}],"predecessor-version":[{"id":4960,"href":"https:\/\/uewg-michelstadt.de\/index.php?rest_route=\/wp\/v2\/pages\/4942\/revisions\/4960"}],"wp:attachment":[{"href":"https:\/\/uewg-michelstadt.de\/index.php?rest_route=%2Fwp%2Fv2%2Fmedia&parent=4942"}],"curies":[{"name":"wp","href":"https:\/\/api.w.org\/{rel}","templated":true}]}}